{"id":2,"date":"2020-04-12T07:17:17","date_gmt":"2020-04-12T12:17:17","guid":{"rendered":"https:\/\/asoplanetesp.com\/?page_id=2"},"modified":"2026-04-24T14:28:55","modified_gmt":"2026-04-24T19:28:55","slug":"pagina-ejemplo","status":"publish","type":"page","link":"https:\/\/asoplanetesp.com\/index.php\/pagina-ejemplo\/","title":{"rendered":"DOCUMENTACI\u00d3N"},"content":{"rendered":"\t\t<div data-elementor-type=\"wp-page\" data-elementor-id=\"2\" class=\"elementor elementor-2\">\n\t\t\t\t\t\t<section class=\"elementor-section elementor-top-section elementor-element elementor-element-1626d16 elementor-section-boxed elementor-section-height-default elementor-section-height-default\" data-id=\"1626d16\" data-element_type=\"section\" data-settings=\"{&quot;background_background&quot;:&quot;classic&quot;}\">\n\t\t\t\t\t\t<div class=\"elementor-container elementor-column-gap-default\">\n\t\t\t\t\t<div class=\"elementor-column elementor-col-50 elementor-top-column elementor-element elementor-element-8f73753\" data-id=\"8f73753\" data-element_type=\"column\">\n\t\t\t<div class=\"elementor-widget-wrap elementor-element-populated\">\n\t\t\t\t\t\t<section class=\"elementor-section elementor-inner-section elementor-element elementor-element-e39562f elementor-section-boxed elementor-section-height-default elementor-section-height-default\" data-id=\"e39562f\" data-element_type=\"section\">\n\t\t\t\t\t\t<div class=\"elementor-container elementor-column-gap-default\">\n\t\t\t\t\t<div class=\"elementor-column elementor-col-100 elementor-inner-column elementor-element elementor-element-290ae88\" data-id=\"290ae88\" data-element_type=\"column\" data-settings=\"{&quot;background_background&quot;:&quot;classic&quot;}\">\n\t\t\t<div class=\"elementor-widget-wrap elementor-element-populated\">\n\t\t\t\t\t\t<div class=\"elementor-element elementor-element-37497ff elementor-widget elementor-widget-heading\" data-id=\"37497ff\" data-element_type=\"widget\" data-widget_type=\"heading.default\">\n\t\t\t\t<div class=\"elementor-widget-container\">\n\t\t\t\t\t<span class=\"elementor-heading-title elementor-size-default\">DOCUMENTACI\u00d3N<\/span>\t\t\t\t<\/div>\n\t\t\t\t<\/div>\n\t\t\t\t<div class=\"elementor-element elementor-element-a12b797 elementor-widget elementor-widget-heading\" data-id=\"a12b797\" data-element_type=\"widget\" data-widget_type=\"heading.default\">\n\t\t\t\t<div class=\"elementor-widget-container\">\n\t\t\t\t\t<h2 class=\"elementor-heading-title elementor-size-default\">INFORMACI\u00d3N LEGAL<\/h2>\t\t\t\t<\/div>\n\t\t\t\t<\/div>\n\t\t\t\t<div class=\"elementor-element elementor-element-bce4b45 elementor-widget-divider--view-line elementor-widget elementor-widget-divider\" data-id=\"bce4b45\" data-element_type=\"widget\" data-widget_type=\"divider.default\">\n\t\t\t\t<div class=\"elementor-widget-container\">\n\t\t\t\t\t\t\t<div class=\"elementor-divider\">\n\t\t\t<span class=\"elementor-divider-separator\">\n\t\t\t\t\t\t<\/span>\n\t\t<\/div>\n\t\t\t\t\t\t<\/div>\n\t\t\t\t<\/div>\n\t\t\t\t<div class=\"elementor-element elementor-element-bc53f54 elementor-widget elementor-widget-toggle\" data-id=\"bc53f54\" data-element_type=\"widget\" data-widget_type=\"toggle.default\">\n\t\t\t\t<div class=\"elementor-widget-container\">\n\t\t\t\t\t\t\t<div class=\"elementor-toggle\">\n\t\t\t\t\t\t\t<div class=\"elementor-toggle-item\">\n\t\t\t\t\t<div id=\"elementor-tab-title-1971\" class=\"elementor-tab-title\" data-tab=\"1\" role=\"button\" aria-controls=\"elementor-tab-content-1971\" aria-expanded=\"false\">\n\t\t\t\t\t\t\t\t\t\t\t\t<span class=\"elementor-toggle-icon elementor-toggle-icon-right\" aria-hidden=\"true\">\n\t\t\t\t\t\t\t\t\t\t\t\t\t\t\t<span class=\"elementor-toggle-icon-closed\"><i class=\"fas fa-caret-right\"><\/i><\/span>\n\t\t\t\t\t\t\t\t<span class=\"elementor-toggle-icon-opened\"><i class=\"elementor-toggle-icon-opened fas fa-caret-up\"><\/i><\/span>\n\t\t\t\t\t\t\t\t\t\t\t\t\t<\/span>\n\t\t\t\t\t\t\t\t\t\t\t\t<a class=\"elementor-toggle-title\" tabindex=\"0\">RUPS:<\/a>\n\t\t\t\t\t<\/div>\n\n\t\t\t\t\t<div id=\"elementor-tab-content-1971\" class=\"elementor-tab-content elementor-clearfix\" data-tab=\"1\" role=\"region\" aria-labelledby=\"elementor-tab-title-1971\"><p><a href=\"https:\/\/asoplanetesp.com\/wp-content\/uploads\/2026\/03\/RUPS-2026.pdf\">RUPS 2026<\/a><\/p><\/div>\n\t\t\t\t<\/div>\n\t\t\t\t\t\t\t<div class=\"elementor-toggle-item\">\n\t\t\t\t\t<div id=\"elementor-tab-title-1972\" class=\"elementor-tab-title\" data-tab=\"2\" role=\"button\" aria-controls=\"elementor-tab-content-1972\" aria-expanded=\"false\">\n\t\t\t\t\t\t\t\t\t\t\t\t<span class=\"elementor-toggle-icon elementor-toggle-icon-right\" aria-hidden=\"true\">\n\t\t\t\t\t\t\t\t\t\t\t\t\t\t\t<span class=\"elementor-toggle-icon-closed\"><i class=\"fas fa-caret-right\"><\/i><\/span>\n\t\t\t\t\t\t\t\t<span class=\"elementor-toggle-icon-opened\"><i class=\"elementor-toggle-icon-opened fas fa-caret-up\"><\/i><\/span>\n\t\t\t\t\t\t\t\t\t\t\t\t\t<\/span>\n\t\t\t\t\t\t\t\t\t\t\t\t<a class=\"elementor-toggle-title\" tabindex=\"0\">Contrato de Condiciones Uniformes CCU:<\/a>\n\t\t\t\t\t<\/div>\n\n\t\t\t\t\t<div id=\"elementor-tab-content-1972\" class=\"elementor-tab-content elementor-clearfix\" data-tab=\"2\" role=\"region\" aria-labelledby=\"elementor-tab-title-1972\"><p><a href=\"https:\/\/asoplanetesp.com\/wp-content\/uploads\/2026\/03\/CCU-ASOPLANET.pdf\">CCU ASOPLANET<\/a><\/p><\/div>\n\t\t\t\t<\/div>\n\t\t\t\t\t\t\t<div class=\"elementor-toggle-item\">\n\t\t\t\t\t<div id=\"elementor-tab-title-1973\" class=\"elementor-tab-title\" data-tab=\"3\" role=\"button\" aria-controls=\"elementor-tab-content-1973\" aria-expanded=\"false\">\n\t\t\t\t\t\t\t\t\t\t\t\t<span class=\"elementor-toggle-icon elementor-toggle-icon-right\" aria-hidden=\"true\">\n\t\t\t\t\t\t\t\t\t\t\t\t\t\t\t<span class=\"elementor-toggle-icon-closed\"><i class=\"fas fa-caret-right\"><\/i><\/span>\n\t\t\t\t\t\t\t\t<span class=\"elementor-toggle-icon-opened\"><i class=\"elementor-toggle-icon-opened fas fa-caret-up\"><\/i><\/span>\n\t\t\t\t\t\t\t\t\t\t\t\t\t<\/span>\n\t\t\t\t\t\t\t\t\t\t\t\t<a class=\"elementor-toggle-title\" tabindex=\"0\">Registro \u00danico Tributario (RUT):<\/a>\n\t\t\t\t\t<\/div>\n\n\t\t\t\t\t<div id=\"elementor-tab-content-1973\" class=\"elementor-tab-content elementor-clearfix\" data-tab=\"3\" role=\"region\" aria-labelledby=\"elementor-tab-title-1973\"><p><a href=\"https:\/\/asoplanetesp.com\/wp-content\/uploads\/2025\/08\/Rut-actualizado-30-de-julio-2025.pdf\">Rut actualizado 30 de julio 2025<\/a><\/p><\/div>\n\t\t\t\t<\/div>\n\t\t\t\t\t\t\t<div class=\"elementor-toggle-item\">\n\t\t\t\t\t<div id=\"elementor-tab-title-1974\" class=\"elementor-tab-title\" data-tab=\"4\" role=\"button\" aria-controls=\"elementor-tab-content-1974\" aria-expanded=\"false\">\n\t\t\t\t\t\t\t\t\t\t\t\t<span class=\"elementor-toggle-icon elementor-toggle-icon-right\" aria-hidden=\"true\">\n\t\t\t\t\t\t\t\t\t\t\t\t\t\t\t<span class=\"elementor-toggle-icon-closed\"><i class=\"fas fa-caret-right\"><\/i><\/span>\n\t\t\t\t\t\t\t\t<span class=\"elementor-toggle-icon-opened\"><i class=\"elementor-toggle-icon-opened fas fa-caret-up\"><\/i><\/span>\n\t\t\t\t\t\t\t\t\t\t\t\t\t<\/span>\n\t\t\t\t\t\t\t\t\t\t\t\t<a class=\"elementor-toggle-title\" tabindex=\"0\">Rutas y Frecuencias<\/a>\n\t\t\t\t\t<\/div>\n\n\t\t\t\t\t<div id=\"elementor-tab-content-1974\" class=\"elementor-tab-content elementor-clearfix\" data-tab=\"4\" role=\"region\" aria-labelledby=\"elementor-tab-title-1974\"><p><img fetchpriority=\"high\" decoding=\"async\" class=\"alignnone size-medium wp-image-1595\" src=\"https:\/\/asoplanetesp.com\/wp-content\/uploads\/2026\/04\/CHIA-RUTAS-RECOLECCION.jpg-300x179.jpeg\" alt=\"\" width=\"300\" height=\"179\" srcset=\"https:\/\/asoplanetesp.com\/wp-content\/uploads\/2026\/04\/CHIA-RUTAS-RECOLECCION.jpg-300x179.jpeg 300w, https:\/\/asoplanetesp.com\/wp-content\/uploads\/2026\/04\/CHIA-RUTAS-RECOLECCION.jpg-1024x611.jpeg 1024w, https:\/\/asoplanetesp.com\/wp-content\/uploads\/2026\/04\/CHIA-RUTAS-RECOLECCION.jpg-768x458.jpeg 768w, https:\/\/asoplanetesp.com\/wp-content\/uploads\/2026\/04\/CHIA-RUTAS-RECOLECCION.jpg.jpeg 1534w\" sizes=\"(max-width: 300px) 100vw, 300px\" \/> <img decoding=\"async\" class=\"alignnone size-medium wp-image-1596\" src=\"https:\/\/asoplanetesp.com\/wp-content\/uploads\/2026\/04\/COTA-RUTAS-RECOLECCION.jpg-300x183.jpeg\" alt=\"\" width=\"300\" height=\"183\" srcset=\"https:\/\/asoplanetesp.com\/wp-content\/uploads\/2026\/04\/COTA-RUTAS-RECOLECCION.jpg-300x183.jpeg 300w, https:\/\/asoplanetesp.com\/wp-content\/uploads\/2026\/04\/COTA-RUTAS-RECOLECCION.jpg-1024x623.jpeg 1024w, https:\/\/asoplanetesp.com\/wp-content\/uploads\/2026\/04\/COTA-RUTAS-RECOLECCION.jpg-768x467.jpeg 768w, https:\/\/asoplanetesp.com\/wp-content\/uploads\/2026\/04\/COTA-RUTAS-RECOLECCION.jpg.jpeg 1504w\" sizes=\"(max-width: 300px) 100vw, 300px\" \/><img decoding=\"async\" class=\"alignnone size-medium wp-image-1560\" src=\"https:\/\/asoplanetesp.com\/wp-content\/uploads\/2026\/03\/1.JPG-300x169.jpeg\" alt=\"\" width=\"300\" height=\"169\" srcset=\"https:\/\/asoplanetesp.com\/wp-content\/uploads\/2026\/03\/1.JPG-300x169.jpeg 300w, https:\/\/asoplanetesp.com\/wp-content\/uploads\/2026\/03\/1.JPG-1024x576.jpeg 1024w, https:\/\/asoplanetesp.com\/wp-content\/uploads\/2026\/03\/1.JPG-768x432.jpeg 768w, https:\/\/asoplanetesp.com\/wp-content\/uploads\/2026\/03\/1.JPG.jpeg 1280w\" sizes=\"(max-width: 300px) 100vw, 300px\" \/> <img loading=\"lazy\" decoding=\"async\" class=\"alignnone size-medium wp-image-1561\" src=\"https:\/\/asoplanetesp.com\/wp-content\/uploads\/2026\/03\/2.JPG-300x169.jpeg\" alt=\"\" width=\"300\" height=\"169\" srcset=\"https:\/\/asoplanetesp.com\/wp-content\/uploads\/2026\/03\/2.JPG-300x169.jpeg 300w, https:\/\/asoplanetesp.com\/wp-content\/uploads\/2026\/03\/2.JPG-1024x576.jpeg 1024w, https:\/\/asoplanetesp.com\/wp-content\/uploads\/2026\/03\/2.JPG-768x432.jpeg 768w, https:\/\/asoplanetesp.com\/wp-content\/uploads\/2026\/03\/2.JPG.jpeg 1280w\" sizes=\"(max-width: 300px) 100vw, 300px\" \/> <img loading=\"lazy\" decoding=\"async\" class=\"alignnone size-medium wp-image-1562\" src=\"https:\/\/asoplanetesp.com\/wp-content\/uploads\/2026\/03\/3.JPG-300x169.jpeg\" alt=\"\" width=\"300\" height=\"169\" srcset=\"https:\/\/asoplanetesp.com\/wp-content\/uploads\/2026\/03\/3.JPG-300x169.jpeg 300w, https:\/\/asoplanetesp.com\/wp-content\/uploads\/2026\/03\/3.JPG-1024x576.jpeg 1024w, https:\/\/asoplanetesp.com\/wp-content\/uploads\/2026\/03\/3.JPG-768x432.jpeg 768w, https:\/\/asoplanetesp.com\/wp-content\/uploads\/2026\/03\/3.JPG.jpeg 1280w\" sizes=\"(max-width: 300px) 100vw, 300px\" \/> <img loading=\"lazy\" decoding=\"async\" class=\"alignnone size-medium wp-image-1563\" src=\"https:\/\/asoplanetesp.com\/wp-content\/uploads\/2026\/03\/4.JPG-300x169.jpeg\" alt=\"\" width=\"300\" height=\"169\" srcset=\"https:\/\/asoplanetesp.com\/wp-content\/uploads\/2026\/03\/4.JPG-300x169.jpeg 300w, https:\/\/asoplanetesp.com\/wp-content\/uploads\/2026\/03\/4.JPG-1024x576.jpeg 1024w, https:\/\/asoplanetesp.com\/wp-content\/uploads\/2026\/03\/4.JPG-768x432.jpeg 768w, https:\/\/asoplanetesp.com\/wp-content\/uploads\/2026\/03\/4.JPG.jpeg 1280w\" sizes=\"(max-width: 300px) 100vw, 300px\" \/><\/p><\/div>\n\t\t\t\t<\/div>\n\t\t\t\t\t\t\t\t<\/div>\n\t\t\t\t\t\t<\/div>\n\t\t\t\t<\/div>\n\t\t\t\t\t<\/div>\n\t\t<\/div>\n\t\t\t\t\t<\/div>\n\t\t<\/section>\n\t\t\t\t\t<\/div>\n\t\t<\/div>\n\t\t\t\t<div class=\"elementor-column elementor-col-50 elementor-top-column elementor-element elementor-element-016ea80\" data-id=\"016ea80\" data-element_type=\"column\">\n\t\t\t<div class=\"elementor-widget-wrap elementor-element-populated\">\n\t\t\t\t\t\t<section class=\"elementor-section elementor-inner-section elementor-element elementor-element-f896fe8 elementor-section-boxed elementor-section-height-default elementor-section-height-default\" data-id=\"f896fe8\" data-element_type=\"section\">\n\t\t\t\t\t\t<div class=\"elementor-container elementor-column-gap-default\">\n\t\t\t\t\t<div class=\"elementor-column elementor-col-100 elementor-inner-column elementor-element elementor-element-74ab731\" data-id=\"74ab731\" data-element_type=\"column\" data-settings=\"{&quot;background_background&quot;:&quot;classic&quot;}\">\n\t\t\t<div class=\"elementor-widget-wrap elementor-element-populated\">\n\t\t\t\t\t\t<div class=\"elementor-element elementor-element-31f9257 e-transform elementor-widget__width-initial elementor-widget elementor-widget-image\" data-id=\"31f9257\" data-element_type=\"widget\" data-settings=\"{&quot;_transform_scale_effect&quot;:{&quot;unit&quot;:&quot;px&quot;,&quot;size&quot;:&quot;&quot;,&quot;sizes&quot;:[]},&quot;_transform_scale_effect_tablet&quot;:{&quot;unit&quot;:&quot;px&quot;,&quot;size&quot;:&quot;&quot;,&quot;sizes&quot;:[]},&quot;_transform_scale_effect_mobile&quot;:{&quot;unit&quot;:&quot;px&quot;,&quot;size&quot;:&quot;&quot;,&quot;sizes&quot;:[]}}\" data-widget_type=\"image.default\">\n\t\t\t\t<div class=\"elementor-widget-container\">\n\t\t\t\t\t\t\t\t\t\t\t\t\t\t\t\t<a href=\"https:\/\/asoplanetesp.com\/wp-content\/uploads\/2020\/05\/logo_final.png\" data-elementor-open-lightbox=\"no\">\n\t\t\t\t\t\t\t<img loading=\"lazy\" decoding=\"async\" width=\"2073\" height=\"1690\" src=\"https:\/\/asoplanetesp.com\/wp-content\/uploads\/2020\/05\/logo_final.png\" class=\"attachment-full size-full wp-image-484\" alt=\"\" srcset=\"https:\/\/asoplanetesp.com\/wp-content\/uploads\/2020\/05\/logo_final.png 2073w, https:\/\/asoplanetesp.com\/wp-content\/uploads\/2020\/05\/logo_final-300x245.png 300w, https:\/\/asoplanetesp.com\/wp-content\/uploads\/2020\/05\/logo_final-1024x835.png 1024w, https:\/\/asoplanetesp.com\/wp-content\/uploads\/2020\/05\/logo_final-768x626.png 768w, https:\/\/asoplanetesp.com\/wp-content\/uploads\/2020\/05\/logo_final-1536x1252.png 1536w, https:\/\/asoplanetesp.com\/wp-content\/uploads\/2020\/05\/logo_final-2048x1670.png 2048w\" sizes=\"(max-width: 2073px) 100vw, 2073px\" \/>\t\t\t\t\t\t\t\t<\/a>\n\t\t\t\t\t\t\t\t\t\t\t\t\t\t\t<\/div>\n\t\t\t\t<\/div>\n\t\t\t\t<div class=\"elementor-element elementor-element-215516c elementor-widget-divider--view-line elementor-widget elementor-widget-divider\" data-id=\"215516c\" data-element_type=\"widget\" data-widget_type=\"divider.default\">\n\t\t\t\t<div class=\"elementor-widget-container\">\n\t\t\t\t\t\t\t<div class=\"elementor-divider\">\n\t\t\t<span class=\"elementor-divider-separator\">\n\t\t\t\t\t\t<\/span>\n\t\t<\/div>\n\t\t\t\t\t\t<\/div>\n\t\t\t\t<\/div>\n\t\t\t\t<div class=\"elementor-element elementor-element-41d76ea elementor-widget elementor-widget-heading\" data-id=\"41d76ea\" data-element_type=\"widget\" data-widget_type=\"heading.default\">\n\t\t\t\t<div class=\"elementor-widget-container\">\n\t\t\t\t\t<h3 class=\"elementor-heading-title elementor-size-default\">ASOPLANET<\/h3>\t\t\t\t<\/div>\n\t\t\t\t<\/div>\n\t\t\t\t<div class=\"elementor-element elementor-element-43e29c4 elementor-widget elementor-widget-heading\" data-id=\"43e29c4\" data-element_type=\"widget\" data-widget_type=\"heading.default\">\n\t\t\t\t<div class=\"elementor-widget-container\">\n\t\t\t\t\t<span class=\"elementor-heading-title elementor-size-default\">\u00bfDONACIONES?<\/span>\t\t\t\t<\/div>\n\t\t\t\t<\/div>\n\t\t\t\t<div class=\"elementor-element elementor-element-6ea01ad elementor-align-center elementor-icon-list--layout-traditional elementor-list-item-link-full_width elementor-widget elementor-widget-icon-list\" data-id=\"6ea01ad\" data-element_type=\"widget\" data-widget_type=\"icon-list.default\">\n\t\t\t\t<div class=\"elementor-widget-container\">\n\t\t\t\t\t\t\t<ul class=\"elementor-icon-list-items\">\n\t\t\t\t\t\t\t<li class=\"elementor-icon-list-item\">\n\t\t\t\t\t\t\t\t\t\t\t<span class=\"elementor-icon-list-icon\">\n\t\t\t\t\t\t\t<i aria-hidden=\"true\" class=\"fas fa-phone-alt\"><\/i>\t\t\t\t\t\t<\/span>\n\t\t\t\t\t\t\t\t\t\t<span class=\"elementor-icon-list-text\">+57 314 218 9869<\/span>\n\t\t\t\t\t\t\t\t\t<\/li>\n\t\t\t\t\t\t<\/ul>\n\t\t\t\t\t\t<\/div>\n\t\t\t\t<\/div>\n\t\t\t\t\t<\/div>\n\t\t<\/div>\n\t\t\t\t\t<\/div>\n\t\t<\/section>\n\t\t\t\t\t<\/div>\n\t\t<\/div>\n\t\t\t\t\t<\/div>\n\t\t<\/section>\n\t\t\t\t<\/div>\n\t\t","protected":false},"excerpt":{"rendered":"<p>DOCUMENTACI\u00d3N INFORMACI\u00d3N LEGAL RUPS: RUPS 2026 Contrato de Condiciones Uniformes CCU: CCU ASOPLANET Registro \u00danico Tributario (RUT): Rut actualizado 30 de julio 2025 Rutas y Frecuencias ASOPLANET \u00bfDONACIONES? +57 314 218 9869<\/p>\n","protected":false},"author":1,"featured_media":0,"parent":0,"menu_order":0,"comment_status":"closed","ping_status":"open","template":"","meta":{"neve_meta_sidebar":"","neve_meta_container":"","neve_meta_enable_content_width":"","neve_meta_content_width":0,"neve_meta_title_alignment":"","neve_meta_author_avatar":"","neve_post_elements_order":"","neve_meta_disable_header":"","neve_meta_disable_footer":"","neve_meta_disable_title":"","_joinchat":[],"footnotes":""},"class_list":["post-2","page","type-page","status-publish","hentry"],"_links":{"self":[{"href":"https:\/\/asoplanetesp.com\/index.php\/wp-json\/wp\/v2\/pages\/2","targetHints":{"allow":["GET"]}}],"collection":[{"href":"https:\/\/asoplanetesp.com\/index.php\/wp-json\/wp\/v2\/pages"}],"about":[{"href":"https:\/\/asoplanetesp.com\/index.php\/wp-json\/wp\/v2\/types\/page"}],"author":[{"embeddable":true,"href":"https:\/\/asoplanetesp.com\/index.php\/wp-json\/wp\/v2\/users\/1"}],"replies":[{"embeddable":true,"href":"https:\/\/asoplanetesp.com\/index.php\/wp-json\/wp\/v2\/comments?post=2"}],"version-history":[{"count":33,"href":"https:\/\/asoplanetesp.com\/index.php\/wp-json\/wp\/v2\/pages\/2\/revisions"}],"predecessor-version":[{"id":1599,"href":"https:\/\/asoplanetesp.com\/index.php\/wp-json\/wp\/v2\/pages\/2\/revisions\/1599"}],"wp:attachment":[{"href":"https:\/\/asoplanetesp.com\/index.php\/wp-json\/wp\/v2\/media?parent=2"}],"curies":[{"name":"wp","href":"https:\/\/api.w.org\/{rel}","templated":true}]}}